rd derivative of -1/24*s**5 + 1/3*s**3 + 0*s - 2*s**2 + 0 + 1/24*s**4. Let i(t) be the first derivative of b(t). What is i(-1)?
6
Let v = 689/120 + -57/10. Let x(p) be the third derivative of 0 + 0*p - 1/6*p**3 - 2*p**2 + v*p**4. Give x(4).
3
Suppose -3*z = -o - 0*z - 3, -4*o + 2*z = 2. Let u be 4 - (-2 - (o - 0)). Let m(a) = -u*a + 6*a - a**2 + 1. Determine m(-3).
-8
Let n(v) be the first derivative of v**2/2 - 6*v + 1. Let u be (-1 - -1)*(0 + -1). Determine n(u).
-6
Let v(j) = -j + 1. Let s be v(-1). Let x(b) = b - b**2 - 2*b - 3*b - 1 + s*b. Determine x(-3).
-4
Suppose 5*z + 40 = 5*c, c + z = 4*z + 16. Suppose -7 = k + c*f, -4*k = f + f. Let g(r) = -5*r**3 + 2*r**2 - 2*r + 1. What is g(k)?
-4
Let l(f) = -f**2 - f + 1. Let s(b) be the first derivative of -b**4/4 - 4*b**3/3 - 3*b**2/2 - 8*b + 3. Let y(m) = -2*l(m) - s(m). Determine y(-5).
6
Let t(s) = s**2 - 7*s - 8. Let y be t(6). Let m be (8/y)/((-10)/35). Let x(h) = 0*h + h - 4*h. Calculate x(m).
-6
Let v(o) be the third derivative of o**6/120 - 3*o**5/20 - 11*o**4/24 + 4*o**3/3 + 25*o**2. What is v(10)?
-2
Let g(h) = 5*h**3 + 3*h**2 + 9*h - 6. Let x(m) = 4*m**3 + 4*m**2 + 8*m - 6. Let t(k) = 3*g(k) - 4*x(k). Let o(r) = -5*r**2 - 1. Let f be o(1). Calculate t(f).
0
Let p be 0 + 1*(-1 - -3). Let t be 5/(-1*(1 - p)). Suppose -t = 4*s - 4*k + 15, 0 = -5*s + 4*k - 21. Let x(a) = 6*a + 1. Determine x(s).
-5
Let d(b) be the first derivative of -7*b**4/4 + 2*b**3/3 - b**2 + b - 1. What is d(1)?
-6
Let r(n) = 7 - 8 - 2*n + 0. Suppose 0*x = x + 5. Determine r(x).
9
Let j = 6 - 4. Let i(d) be the second derivative of -1/6*d**4 + 1/6*d**3 + 0 - 4*d + d**2 + 1/20*d**5. Determine i(j).
4
Let p be (0/2)/(1 + -2). Let y(z) = 0 + p - 2*z + 0. Give y(-2).
4
Let n(v) be the third derivative of v**4/8 - v**3 - 7*v**2. What is n(5)?
9
Let l(g) be the second derivative of g**4/12 - g**3/6 - g**2/2 - g. Suppose 6*w = 2*w. Let y be 3/(-12)*2*w. Determine l(y).
-1
Suppose -u = -6*u + 10. Let v(f) be the second derivative of -2*f**u + 0 - 1/6*f**3 - f. Calculate v(0).
-4
Let f(z) = z**3 - 1. Let r be (-1)/(-3) + (-2)/6. Suppose 5*w - 4*w = r. What is f(w)?
-1
Suppose 0 = 4*s - 2*s - 16. Let a = -5 + s. Suppose -3 = a*x + 9. Let y(z) = z**3 + 5*z**2 + 5*z - 2. Calculate y(x).
-6
Let r(n) = -n**3 - 2*n**2 + 2*n + 3. Let v(f) = 2*f**2 - 9*f + 1. Let k be v(4). What is r(k)?
6
Let j(n) = n - 13. Let m(p) = -3*p + 27. Let t(f) = -5*j(f) - 2*m(f). Let s be ((-3 + 3)/(-5))/(0 - -2). What is t(s)?
11
Let a(i) = -4*i - 2. Let t be 0/2 + 0 + 5. Let g = -2 + t. What is a(g)?
-14
Suppose 4*a = -4*p, a = 4*p - 18 + 8. Let o(k) be the first derivative of k**4/2 + k**3/3 - k**2 - 2*k + 1. Calculate o(a).
-10
Suppose 18 = -8*r + 2. Let a(n) = n - 2. Determine a(r).
-4
Suppose 0 = -5*w + 4*x + 15 - 1, -11 = -5*w + x. Let y(n) = -w*n + 1 + 0*n**2 + n**2 + 0*n**2. Let z(b) = b + 4. Let t be z(-3). Determine y(t).
0
Let x(q) = 4*q + 221*q**2 + 219*q**2 - 439*q**2. Calculate x(-2).
-4
Let h(w) = 3*w**3 + w**3 - 3*w**2 - 6*w + 5*w**2 + 1. Let k(d) = -3*d**3 - 3*d**2 + 6*d - 1. Let y(t) = 4*h(t) + 5*k(t). Determine y(6).
-1
Let k(v) = 1 + 6*v**2 - 3*v**2 - 3*v**3 + 3*v + 2*v**3 - 5*v. Suppose -4*i + 22 = 2*r, -2*i - 4*r + 2*r = -10. Suppose 3 + i = 3*x. Give k(x).
-5
Let b = -15 - -35. Let q = b + -9. Let h(v) = -3 + 0*v + q + v. Determine h(-5).
3
Let n(o) = o**3 - 6*o**2 - 7*o + 5. Let p be n(7). Suppose -p*a = 4*d, -5*d - a = 2*a. Let j(y) = -y**3 - y**2 - y - 3. Determine j(d).
-3
Let z(x) = x**3 + 4*x**2 - 4*x. Let c(y) = y**3 + 3*y**2 - 6*y - 3. Let g be c(-4). Let q be 4*1 + -3 + 1. Suppose r - g = q*r. Give z(r).
-5
Suppose -2*n + 0*d - d = -43, 3 = 3*d. Let h(o) = 20*o**3 + 4*o**2 - 3*o - 2*o**2 - 8*o**2 - n*o**3 + 5. Let p(c) = -c. Let b be p(5). Determine h(b).
-5
Let h be 2/4 + (-4)/(-8). Let w(u) = 2*u - 1. Let x be w(h). Let a(n) = n. What is a(x)?
1
Let r(d) = -3*d**2 + 20*d - 20. Let g(t) = -2*t**2 + 11*t - 10. Let z(j) = -5*g(j) + 3*r(j). Calculate z(-7).
4
Let x(o) = -o - 13. Let t(m) = 6. Let h(w) = -9*t(w) - 4*x(w). Give h(2).
6
Let a(v) = 94*v**3 - 10*v**2 + 5*v**2 + 1 - 95*v**3. Give a(-5).
1
Let p be (3 - 2) + (-15)/(-1). Suppose -p = -4*t + 2*t. Suppose -3*g - 2*g + 10 = -4*r, 4*r = -4*g + t. Let f(s) = s**2 - 4. What is f(r)?
-4
Let d be (-3)/6 - (-2 - 1/(-2)). Let l(x) = -7*x**3 - 2*x**2 + x. Calculate l(d).
-8
Let i(j) = j**3 + 2*j**2 - 2*j + 4. Let t(o) = -2*o**3 - 2*o**2 + 1. Let k(y) = -y + 5 + 0*y + 5. Let q be k(9). Let b be t(q). What is i(b)?
1
Let i(x) = 2*x - x**3 - 4*x**2 + 4*x**2. Let d(l) be the second derivative of l**3/6 + 6*l**2 - 3*l. Let n be d(-10). Determine i(n).
-4
Let k(s) = s**3 + 40*s**2 - 45*s**2 - 2*s**3. Calculate k(-5).
0
Let a(j) = 2*j**2 - 3*j. Let c be a(2). Suppose -3*w = c*w + 25. Let k(s) = -5*s + 2 + 1 - s**2 + 3 + 1. Calculate k(w).
7
Let a(m) = m**3 - m**2 + m. Let t be a(0). Let u(h) = -h**3 + 2*h - 1. Let x be u(1). Let i(c) = -5 - c + 0 + x*c. What is i(t)?
-5
Let l(u) = 4 + 2*u + 0*u**2 + u**2 - 3*u. Let f(v) = v**2 - 5*v + 2. Let x be f(5). Let a be (-1 - -1)/(-1*x). Calculate l(a).
4
Let i(w) = -9*w**3 + 12*w**2 + 5*w + 23. Let t(p) = -4*p**3 + 6*p**2 + 3*p + 11. Let k(g) = -3*i(g) + 7*t(g). Give k(7).
1
Let p be (12/(-8))/(6/8). Let d(a) = 3*a**3 + 4*a**2 + 9*a - 5. Let v(t) = -2*t**3 - 3*t**2 - 6*t + 3. Let m(f) = -5*d(f) - 8*v(f). What is m(p)?
3
Let v = -14 - -14. Let k(g) = g**3 - g**2 - g - 16. Calculate k(v).
-16
Let d = -4 + 3. Let v be (1 - d/(-1))/(-1). Let h be (2*(v + -1))/1. Let q(c) = -3*c. What is q(h)?
6
Let h(t) be the first derivative of -11*t**6/360 - t**4/24 - 4*t**3/3 + 4. Let y(p) be the third derivative of h(p). Give y(-1).
-12
Let w be (0 + 1 - -4) + -3. Let z be w/(-4) + (-7)/(-2). Suppose 0 = -4*j + z + 5. Let b(y) = -2*y**3 + 4*y**2 - 2*y. What is b(j)?
-4
Let v be (-2)/((2/(-2))/(-1)). Let s(j) = 3*j**3 + 4*j**2 - 4. Let d(f) = f**3 + f**2 + f - 1. Suppose 0 = 2*u - 4*u + 2. Let a(n) = u*s(n) - 2*d(n). Give a(v).
2
Let p(k) = -7*k**2 + 1. Suppose -5*n = -2*g - 17, -g - 2*g + 5*n - 18 = 0. Determine p(g).
-6
Let y be 10/35 - 24/(-14). Let a(d) = 2*d**2 + d - 4. Let c(g) = 4*g**2 + 3*g - 9. Let w be 0 + 2 + 7*-1. Let b(h) = w*a(h) + y*c(h). What is b(-2)?
-8
Let f(h) be the first derivative of h**4/24 - h**3/3 - h**2 - 2. Let o(d) be the second derivative of f(d). Suppose -4*q = 0, -2*v + 8 = 2*v - 3*q. Give o(v).
0
Let y(u) = -u**2 + 2*u - 2. Let f(x) = -3*x**2 + 5*x - 5. Let z(c) = 2*f(c) - 7*y(c). Give z(4).
4
Let d be (4 + 5/(-2))*-4. Let w(x) = -x**2 - 7*x - 8. Calculate w(d).
-2
Suppose 3*c = w + 10, -4*w - 4 = -0*w. Let z(r) = -r**2 + 6*r - 2. Let d be z(c). Let o(t) = d*t**3 - t - t - t**2 - 1 + 0*t. Calculate o(-1).
-7
Let z(n) = n - 5. Let w be z(9). Suppose -h - 2 = 4*u - 21, 0 = -u - h + w. Let r(m) = m - 4. What is r(u)?
1
Let j(h) = h. Suppose -2 = -t + 1. Calculate j(t).
3
Suppose 4*i - 37 + 45 = 0. Let r(m) be the first derivative of m**3/3 + m**2/2 - 2*m + 1. Determine r(i).
0
Let m(s) = s + 1. Let b(r) = r + 17. Let d(y) = -b(y) + 2*m(y). What is d(11)?
-4
Let u(a) = -a**2 + 5*a - 1. Let c(o) = 2*o**2 + 3*o + 1. Let w be c(-2). Determine u(w).
5
Let y(b) = -b**2 + 2*b + 1. Let d be (-1 - (-2 + -7))/2. Suppose -7*s = -d*s + 6. Determine y(s).
-7
Let a(v) = 9 + 2*v + v - v. Let y = 0 - 5. Let n(d) = -d - 4. Let g(z) = y*n(z) - 3*a(z). Determine g(0).
-7
Let z(a) = a**3 + a**2 + 4. Let d be z(0). Let t(w) = -d*w**3 + 2*w**3 + 3*w**3. Let q be ((-1)/(-3))/(1/3). Calculate t(q).
1
Let i(r) = -1 - 1 - 100*r - 9*r**3 + 1 + 101*r + r**2. Calculate i(1).
-8
Let b(a) = 7*a**2 - 4*a + 2. Let d be (1/(-2))/(2/20). Let v(r) = 4*r**2 - 2*r + 1. Let x(y) = d*v(y) + 3*b(y). Let g = 4 - 3. What is x(g)?
0
Let k(p) = -p**3 + 5*p**2 - 3*p + 3. Let j(g) be the third derivative of g**5/60 - 3*g**4/8 + 2*g**3/3 + g**2. Let s be j(9). What is k(s)?
7
Let h be ((-2)/4)/(4/(-8)). Let n(v) = -v**2 - h - 1 - 1 + 4. Calculate n(1).
0
Let u(p) = 5 - p - 5 + 0 + 1. Give u(-6).
7
Let i(o) = 8*o + 11*o**3 - 5 + 6 - 7*o. Give i(-1).
-11
Let q(t) be the third derivative of t**6/360 - 7*t**5/120 + t**4/24 + 3*t**3/2 + 5*t**2. Let g(n) be the first derivative of q(n). Give g(3).
-11
Let s(k) = -2*k**3 - 2*k**2 - 4*k**3 - 1 - 1 + 3. Let h be s(-1). Let v(u